q(13).
4
Let i(o) = -9*o**2 + 3831*o - 3829. Give i(1).
-7
Let s(h) = -1883*h**2 + 14946*h - 16. What is s(8)?
-960
Let f(o) = -o**2 + 378*o - 15618. Give f(331).
-61
Let x(w) = 40729*w + 447812. Give x(-11).
-207
Let h(z) = -620*z + 28877. What is h(45)?
977
Let b(t) = -t**3 + 29*t**2 + 268*t + 2815. What is b(38)?
3
Let p(k) = 2*k**2 - 3730*k + 1545051. What is p(621)?
3
Let x(g) = -9*g**3 + 949*g**2 - 421*g + 99. Calculate x(105).
-6
Let v(r) = 7*r**2 - 246*r + 222. What is v(34)?
-50
Let j(t) = -76*t**2 + 9*t - 16. Calculate j(1).
-83
Let s(q) = -3*q**3 + 56*q**2 + 249*q - 4369. Determine s(19).
1
Let o(h) = 377*h**2 + 1231*h + 55. Give o(-3).
-245
Let j(l) = 30*l**2 + 378*l + 358. Calculate j(-15).
1438
Let r(o) = 598*o**3 - 15*o**2 - 7*o + 20. Calculate r(1).
596
Let z(w) = -w**3 + 2*w**2 + 8158*w - 48815. Give z(6).
-11
Let o(h) = 13*h**3 + 885*h**2 + 950*h + 72. Give o(-67).
-732
Let q(z) = -2*z**3 - 343*z**2 - 2653*z - 306. What is q(-8)?
-10
Let y(p) = p**3 - 63*p**2 - 358*p + 831. Calculate y(68).
-393
Let y(x) = -6*x**3 + 73*x**2 + 90*x - 761. What is y(3)?
4
Let l(x) = 400*x**2 + 5241*x + 545. Calculate l(-13).
12
Let p(s) = s**3 - 29*s**2 + 777*s - 19520. Determine p(27).
1
Let h(g) = 1063*g - 201985. Determine h(190).
-15
Let l(o) = -1996*o**2 + 317*o + 318. What is l(-1)?
-1995
Let k(w) = 13*w**2 - 897*w + 4938. What is k(6)?
24
Let x(d) = -d**3 + 109*d**2 + 22*d - 38. Calculate x(109).
2360
Let y(s) = s**3 - 8*s**2 + 23*s - 147. Calculate y(6).
-81
Let s(c) = 775*c + 32640. Calculate s(-42).
90
Let c(f) = 2*f**3 + f**2 - 21*f + 142. What is c(7)?
730
Let c(v) = -7*v**2 - 10691*v + 1380192. Determine c(-1647).
6
Let j(x) = -4*x**2 + 267*x + 1193. What is j(71)?
-14
Let t(l) = 8*l**2 - 97*l - 1260. Determine t(-12).
1056
Let h(u) = -803*u**2 + 53803*u - 162. Calculate h(67).
-28
Let x(o) = 2*o**3 - 132*o**2 + 2158*o + 64. Calculate x(36).
-8
Let g(r) = -234*r + 11072. What is g(48)?
-160
Let p(r) = r**3 - 5*r**2 - 2534*r - 12419. Give p(-5).
1
Let x(j) = 2*j**3 - 2*j**2 + 9418*j + 9422. Calculate x(-1).
0
Let k(m) = 46*m**2 + 4653*m. Determine k(0).
0
Let r(k) = k**2 + 6970*k + 111196. Calculate r(-16).
-68
Let x(q) = -2*q**3 - 10*q**2 - 791*q - 7649. Give x(-9).
118
Let a(s) = 166*s**3 - 2*s. Give a(-2).
-1324
Let d(h) = 325*h + 8131. Give d(-25).
6
Let k(c) = 185*c + 20250. Calculate k(-109).
85
Let u(j) = 2*j**3 + 37*j**2 + 76*j - 23. Determine u(-14).
677
Let x(s) = 82402*s - 121. Calculate x(0).
-121
Let r(p) = p**2 - 39*p + 317. Calculate r(21).
-61
Let f(g) = -g**2 - 1210*g - 63521. Give f(-1155).
4
Let s(w) = w**2 - 621*w + 8942. Determine s(607).
444
Let o(r) = -7*r**3 + r**2 + 160*r + 479. Give o(-3).
197
Let i(u) = -35*u + 1960. Calculate i(67).
-385
Let k(w) = 89*w**2 - 487*w + 200. Give k(5).
-10
Let h(b) = b**2 - 269*b + 3927. What is h(17)?
-357
Let s(z) = -z**3 - 50*z**2 - 86*z + 104. Determine s(-3).
-61
Let t(v) = -v**3 + 10*v**2 + 17*v + 334. What is t(12)?
250
Let y(g) = -2*g**3 - 149*g**2 - 991*g - 1399. Give y(-5).
81
Let x(u) = -8*u**2 - 244*u + 838. Give x(3).
34
Let c(j) = 8*j**3 - 42*j**2 - 3*j + 18. Give c(6).
216
Let f(q) = -3*q**3 + 197*q**2 + 9*q + 4622. Calculate f(66).
860
Let h(j) = -27*j**2 + 538*j + 42. Determine h(20).
2
Let t(h) = -h**3 + 195*h**2 - 42*h + 8133. What is t(195)?
-57
Let u(o) = -51504*o - 5974463. What is u(-116)?
1
Let j(f) = 15*f**2 - 433*f + 2252. Calculate j(15).
-868
Let s(c) = 917*c - 24744. What is s(27)?
15
Let g(n) = n**3 + 18*n**2 - 2014*n - 36672. What is g(-18)?
-420
Let w(h) = 442589*h + 5753661. Give w(-13).
4
Let x(t) = -10329*t - 1528349. Calculate x(-148).
343
Let k(g) = 7129*g + 142605. Give k(-20).
25
Let d(h) = 6*h**2 + 58*h - 256. Calculate d(18).
2732
Let v(c) = -c**3 - 20*c**2 - 171*c - 1122. Determine v(-13).
-82
Let b(o) = -5*o**3 - 1589*o**2 + 373*o + 17495. What is b(-318)?
5
Let y(i) = -1809*i + 596. Determine y(0).
596
Let t(x) = -x**3 + 194*x**2 + 3151*x - 3324. What is t(209)?
20
Let y(s) = 3*s**3 - 58*s**2 + 21*s + 113. Give y(17).
-1553
Let i(g) = -2*g**3 + 343*g**2 - 124*g - 7334. Give i(171).
703
Let g(h) = 5991*h**2 + 65898*h - 98. Calculate g(-11).
-65
Let c(l) = 2048*l**2 - 12300*l. Give c(6).
-72
Let w(t) = -t**3 + 240*t**2 + 2759*t + 489. Calculate w(251).
-13
Let y(m) = -70*m**3 + 12*m**2 + 16*m - 11. Determine y(-2).
565
Let f(p) = -43*p**2 + 2745*p - 8219. Calculate f(3).
-371
Let z(x) = 3133*x - 235186. Determine z(75).
-211
Let z(y) = 31917*y + 319135. Determine z(-10).
-35
Let r(y) = -y**3 - 263*y**2 - 8170*y + 801. Calculate r(-227).
347
Let v(b) = b**3 - 99*b**2 - 628*b + 966. Calculate v(105).
1176
Let u(f) = -30026*f + 150218. Give u(5).
88
Let d(i) = 4*i**2 - 744*i + 2900. Give d(182).
-12
Let k(r) = -319*r**2 + 3325*r + 2038. Determine k(11).
14
Let m(x) = -45*x**2 + 42767*x + 26643. Give m(951).
15
Let o(b) = b**3 - 23*b**2 - 99*b + 598. Calculate o(26).
52
Let p(z) = -2*z**2 - 9771*z + 88095. Give p(9).
-6
Let t(q) = -q**3 - 14410*q**2 - 531796*q + 191. Give t(-37).
6
Let u(a) = 2*a**3 + 20*a**2 - 84*a - 666. Give u(-9).
252
Let r(u) = -4*u**3 + 14*u**2 + 130*u. Determine r(-4).
-40
Let r(j) = 20*j**3 - 2*j**2 + 2*j - 2. What is r(-1)?
-26
Let u(v) = 12836*v + 988370. Calculate u(-77).
-2
Let m(c) = 12*c**3 + 55*c**2 + 46*c + 4. Give m(-7).
-1739
Let s(b) = 52214*b + 1409760. Determine s(-27).
-18
Let a(d) = -169*d**2 - 3244*d - 764. What is a(-19)?
-137
Let d(x) = 10511*x - 4046737. Determine d(385).
-2
Let d(f) = -353*f**3 + 2*f**2 + 208*f + 205. Determine d(-1).
352
Let l(n) = 156*n**2 - 2020*n - 89. What is l(13)?
15
Let w(k) = -k**3 - 4*k**2 + 101*k + 206. What is w(-2)?
-4
Let n(d) = -8*d**3 + 502*d**2 + 116*d + 1874. Give n(63).
1244
Let p(f) = 3243*f**2 - 9685*f - 133. What is p(3)?
-1
Let p(q) = 1554*q - 1316257. What is p(847)?
-19
Let h(z) = 2544614*z - 22. Determine h(0).
-22
Let d(c) = -128614*c - 76396718. What is d(-594)?
-2
Let n(w) = -20130*w - 40231. Give n(-2).
29
Let q(l) = 461*l + 3259. Calculate q(-6).
493
Let x(g) = 79*g**2 + 6520*g - 128. Calculate x(-83).
2943
Let i(z) = 55900*z + 391609. Calculate i(-7).
309
Let v(n) = -n**3 + 4*n**2 - 12*n - 11. What is v(-13)?
3018
Let x(y) = -y**2 + 30*y + 10763. What is x(-90)?
-37
Let w(o) = 219782*o + 1978164. Determine w(-9).
126
Let t(o) = -55351*o + 3210354. Give t(58).
-4
Let d(m) = -m**2 - 1132*m - 249660. Give d(-300).
-60
Let y(k) = -k**3 + 6*k**2 + 174*k - 629. What is y(-12)?
-125
Let g(d) = -d**3 - 4*d**2 + 997*d - 9667. What is g(12)?
-7
Let v(a) = a**3 - 1213*a**2 - 23352*a - 68999. Determine v(1232).
-7
Let p(u) = u**3 - 155*u**2 - 4291*u - 684. Calculate p(179).
211
Let t(p) = 176*p + 36199. Calculate t(-205).
119
Let y(m) = -m**3 + 269*m**2 - 1917*m - 44615. Calculate y(261).
16
Let s(k) = 476*k**2 - 5211*k + 38. Give s(11).
313
Let r(q) = 10921*q - 65538. Calculate r(6).
-12
Let f(m) = -13253*m - 715707. Calculate f(-54).
-45
Let q(k) = 162*k**2 - 495*k - 2823. Determine q(6).
39
Let l(i) = 1278*i + 72869. Calculate l(-57).
23
Let i(v) = 2619*v + 859028. What is i(-328)?
-4
Let f(n) = 12*n**3 + 59*n**2 + 824*n + 4123. Calculate f(-5).
-22
Let p(n) = -n**3 + 74*n**2 + 947*n - 82350. What is p(71)?
10
Let g(t) = -t**2 - 66*t + 1738. What is g(20)?
18
Let a(j) = -j**3 + 106*j**2 - 6944*j + 278134. Give a(65).
-1
Let m(i) = -50*i**2 + 2942*i + 8844. Calculate m(-3).
-432
Let c(f) = -10244*f + 2069302. What is c(202)?
14
Let f(o) = 5780*o - 5771. Give f(1).
9
Let t(d) = -5*d**2 - 40*d + 1972. Determine t(-23).
247
Let b(p) = 157*p + 61233. Calculate b(-390).
3
Let i(b) = -8229*b + 394864. Give i(48).
-128
Let p(n) = 151037*n + 453110. Calculate p(-3).
-1
Let v(h) = -9*h**3 - 202*h**2 + 116*h - 142. What is v(-23)?
-165
Let g(l) = l**2 + 85*l - 31167. Determine g(138).
-393
Let q(o) = -4130*o - 136293. Calculate q(-33).
-3
Let s(q) = -1730*q + 43219. Give s(25).
-31
Let j(d) = d**3 - 500*d**2 + 6354*d - 308. Calculate j(13).
-9
Let m(w) = 2*w**3 - 284*w**2 + 5101*w - 2299. Determine m(121).
0
Let k(g) = -72842*g - 2112415. What is k(-29)?
3
Let n(v) = 10*v**3 - 16*v**2 + 6508*v - 13023. Determine n(2).
9
Let n(b) = 41*b**2 - 5173*b - 41320. What is n(-8)?
2688
Let t(n) = -18731*n + 224844. Determine t(12).
72
Let a(i) = -2*i**3 + 1589*i**2 + 638